- 2*x + 8. Let f = -70 + 76. Calculate b(f).
-4
Let b(v) = -2*v + 4. Let a be b(4). Let p(f) be the first derivative of -1/3*f**3 - 4 + f - 5/2*f**2. Calculate p(a).
5
Suppose -5*u + 15*u = 20. Let h(s) = 4*s + 1. What is h(u)?
9
Let r(s) = -9*s**3 + 3*s**3 - 2*s**2 - 3*s**3 + 1. Let y(d) = d**3 + 13*d**2 + 24*d + 21. Let v be y(-11). What is r(v)?
8
Suppose -4*c + 13 = -3*r, -2*r = c + 1 - 7. Let t(j) = -j**3 - 3*j + j**2 - 5 + 3*j**2 + c + j. What is t(3)?
2
Let i(p) = 15*p**2 - 4*p - 24*p**2 + 7 + 10*p**2. What is i(5)?
12
Let o(w) be the third derivative of -w**8/6720 - w**7/630 - w**6/720 + w**5/60 + 5*w**4/24 + 8*w**2. Let y(t) be the second derivative of o(t). Give y(-3).
-4
Let x be (-2 - (-18)/4)*2. Suppose 2*z - 3*p = x, z + 4*p + p = -4. Let a be -1*(5 - 2) + z. Let i(d) = d**2 + 5*d + 2. What is i(a)?
-4
Let w(z) = -z**3 - 7*z**2 - 6*z. Let b be ((-8)/12)/((-1)/(-9)). What is w(b)?
0
Suppose -4*x = -v + 16, 0 = -5*v + x + 3 + 39. Suppose 4*g - v = 12. Let s(j) = j**2 - 4*j. Determine s(g).
5
Let c(f) = -f**3 - f**2 - f + 11. Let r be 0/(2 - (2 + -2)). Let a be (1 + (-1)/2)*r. Calculate c(a).
11
Let z(g) = 678 - 227 + g - 10*g**2 - 223 - g**3 - 224. Give z(-10).
-6
Let q(g) = -g. Let t(s) = -2. Let k(r) = q(r) - t(r). Let a be k(0). Let d(c) = 4 - 3*c - 3 - 2. What is d(a)?
-7
Let v(m) = 5 + m - 5. Suppose 0 = -0*y + 2*y - 8. Calculate v(y).
4
Let u(i) = 7*i**3 + i**2 - 2*i - 1. Let d(v) = 8*v**3 + 2*v**2 - 3*v - 2. Let g(x) = -2*d(x) + 3*u(x). Let y be 4*1/2*-1. Let h = y - -3. Determine g(h).
5
Let t(p) = -9*p - 5. Let n(c) = -25*c - 14. Let a(y) = 6*n(y) - 17*t(y). Suppose -2*s = -3*s + 2. Give a(s).
7
Let p be (-3)/(-2)*2/3. Let n(l) = l - 109*l**2 + 216*l**2 + l**3 - 109*l**2. What is n(p)?
0
Let f(n) be the first derivative of -n**3/3 - 2*n**2 - 2*n - 31. Calculate f(-4).
-2
Let n = -9 + 11. Let l(x) be the second derivative of x**4/12 - x**2/2 + x. Let w be l(n). Let p(s) = -2*s + 1. Calculate p(w).
-5
Let z(j) be the first derivative of -3*j + 1/12*j**4 - 5/2*j**2 + 5/6*j**3 - 1. Let o(k) be the first derivative of z(k). Calculate o(-6).
1
Let h(y) = y + 1. Let g(c) = c - 10. Let z(r) = -g(r) - 4*h(r). Calculate z(4).
-14
Let o(l) = 2*l**2 - 5*l + 4. Let k be 1/(1 + 0) + 1. Let q be (3 + -2)/(k/6). What is o(q)?
7
Let m(i) = i + 3. Let z(s) = -2. Let a(q) = -2*m(q) - 5*z(q). Let j = 5 - 2. Suppose 5*t - j*u = 19, 0*u - 4*u = -8. Give a(t).
-6
Let a(h) = -3*h**3 - 3*h + 6. Let l(z) = 7*z**3 - z**2 + 7*z - 13. Let k(u) = -9*a(u) - 4*l(u). Let g be k(3). Let f(j) = g + 0*j - j + 4*j. Calculate f(-3).
-5
Suppose 6 = -2*z + 5*z. Let u(o) = -1 + 0*o**z + 3*o**2 - o**2 - 2*o + 2. Let t be (-4)/(-3) + 2/3. Determine u(t).
5
Let x(r) = -r**2 - r - 6. Let m(s) = -2*s**2 - s - 6. Let l(v) = 2*m(v) - 3*x(v). Give l(5).
-14
Let n(p) = -p**3 - 7*p**2 - 5*p - 7. Suppose k - 14 + 20 = 0. Determine n(k).
-13
Let c(k) be the third derivative of k**6/80 + k**5/120 + k**4/12 - 6*k**2. Let s(o) be the second derivative of c(o). Determine s(-1).
-8
Let y(u) = -3*u - 1. Suppose -2*a + 3 - 2 = s, 2*a + 2*s - 4 = 0. Calculate y(a).
2
Let v(n) = -n**2 - 1. Let d(q) = q**3 - 7*q**2 - 8*q + 4. Let b(t) = d(t) - v(t). Determine b(7).
-2
Let q(b) = -b**2 + 4*b - 3. Suppose g + 5*p + 11 = 30, 3*p - 45 = 5*g. Let z be -2*(-3)/6*g. Let i = z - -8. Determine q(i).
1
Suppose 5 = -5*m - 5*j, -4*m = -2*m - 4*j + 20. Let a(c) = 3*c - c**3 - 4 - 3*c**2 + 5 + 4. Give a(m).
9
Let d(a) = 6*a + 0*a**2 + 5*a**2 + 5 - 10*a - 6*a**2. Give d(-5).
0
Let l(c) = c**2 - 5*c + 1. Let i be 312/65 - 1/(-5). What is l(i)?
1
Let h(f) = f**3 + f**2 + 4*f - 3. Let z be 11/((-55)/20)*1/(-2). What is h(z)?
17
Suppose c + 3*c = 8, 5*w = 3*c + 39. Let s(k) = -k**2 + 8*k + 4. What is s(w)?
-5
Let f(p) = p**3 + p + 3. Suppose -c = 2*c. What is f(c)?
3
Let a(u) = 8*u**2 - 8*u + u**3 - 2*u**3 + 2*u + 6 - u. What is a(7)?
6
Suppose 2*b - 12 = -0*b. Suppose q + 10 = b*q. Let x(y) = -y + q*y + 0*y. Give x(5).
5
Let b = -34 - -32. Let f(x) = -3*x - 1. What is f(b)?
5
Let f(d) = -d**3 + 6*d**2 - 6*d + 2. Suppose -24 + 89 = -5*o. Let z = 18 + o. Determine f(z).
-3
Let h(m) = m**3 + 7*m**2 - 10*m - 11. Let i be h(-8). Let f(k) = -6*k - 4 + k**2 + 5 + i. Give f(5).
1
Let y(d) = d + 1. Let c be y(2). Suppose -c*a - 6 = -0*a. Let o(l) = -5*l**2 + 1 + 0*l**2 + 3*l**2 + 3*l + 4*l**2. Give o(a).
3
Let i(d) = -d**2 + 3*d. Let p be i(4). Let y = 3 + p. Let r(a) be the second derivative of a**5/20 - a**4/6 + a**2/2 + a. What is r(y)?
-2
Let v(h) = 3 + 8*h - 6*h + 3 - h. Determine v(0).
6
Suppose r = -1 + 3. Let k(q) = -q**r + 6*q**2 - 2 - 1 + q**3. Let x be k(-5). Let i(o) = -o. Determine i(x).
3
Let f(h) = -7*h**2 + h - 10. Let i(o) = -6*o**2 - 9. Let u(p) = 5*f(p) - 6*i(p). Calculate u(-3).
-2
Let x(p) = 4*p. Let q be (-1)/((-2 - -3)/(-1)). What is x(q)?
4
Suppose -5 = 4*t - 13. Let y = 7 + -1. Let k(s) = 7*s**2 + 7*s - 7. Let r(o) = o**2 + o - 1. Let n(h) = y*r(h) - k(h). Give n(t).
-5
Let x(j) = -j**3 - 10*j**2 - 10*j - 9. Let n be x(-9). Let k(p) = 2*p + 0*p + n - 4 - p. Let s = 1 + -1. What is k(s)?
-4
Let d(z) = 10*z**2 + z. Let y(x) = -x**3 - 2*x**2 + 2*x - 2. Suppose 0*v = 3*v + 9. Let l be y(v). Determine d(l).
11
Let f = 5 - 1. Let g be (-2)/8 - (-21)/f. Let r(t) = 0 - t + g*t**2 - t**3 + 0*t**3 - 4. What is r(5)?
-9
Let u(r) be the first derivative of 8*r**3/3 - r**2/2 + 13. Calculate u(-1).
9
Suppose -6 = -2*c + h, -3*c - 5 = -2*h - 15. Let p(l) = 3*l + 0*l**2 - 2 + 2*l**3 - l**3 - l**c. Let z = -1 + 3. What is p(z)?
8
Let o(u) = -5*u**3 + 2*u + 4*u**3 - u - 1. Suppose 3*m + 21 = 5*a, -2*a = -3*m + 5*m - 2. Calculate o(m).
5
Let b(l) = -l**3 + l**2 - 2. Suppose 0 = 5*d - 5*k + 50, 7 + 3 = -2*d - 3*k. Let s(y) = y + 10. Let a be s(d). Give b(a).
-6
Let f = 31 + -25. Let p(b) be the first derivative of -b**4/4 + 7*b**3/3 - 3*b**2 + b + 1. Give p(f).
1
Let v be -3*(-4 - (-1 - 2)). Suppose -2*o + 4*x = -v - 15, -4*x - 19 = -3*o. Let k(n) = 2*n. Determine k(o).
2
Suppose 0 = -5*f + x - 18, -6*f - 20 = -2*f + 2*x. Let i = f - -1. Let h(z) = z**2 - z. Let c(r) = -3*r**2 + r + 3. Let u(q) = c(q) + 2*h(q). What is u(i)?
-3
Let q(g) = g**2 - 5*g - 4. Suppose m = -0*o - 2*o + 10, 8 = 2*m - 2*o. Determine q(m).
2
Let u(d) be the first derivative of d**2/2 - 6*d - 8. Determine u(5).
-1
Let j = 15 + -14. Let q be (-2)/(-10) + j/(-5). Let x(y) = y**3 - y**2 + y + 9. What is x(q)?
9
Let t(f) = f - 2. Let c(i) = -7*i + 15. Let m(k) = c(k) + 6*t(k). Suppose -v + 2*z + 4 = -3*v, 0 = -3*v - 2*z - 2. What is m(v)?
1
Suppose -4*t - 20 = 4*m, -9 = 4*m - 2*m + 3*t. Let i(z) = 15*z + 14. Let o(w) = 3*w + 3. Let r(q) = -2*i(q) + 11*o(q). Determine r(m).
-13
Let a(t) = 3*t + 4. Let c = 3 - -3. Suppose 21*f = 19*f - c. Calculate a(f).
-5
Let h = 65 + -64. Let c(m) = -20*m**2 - m. Calculate c(h).
-21
Let b(s) be the second derivative of -s**6/360 + 7*s**5/120 + s**4/24 - s**3/3 + 2*s. Let r(k) be the second derivative of b(k). Give r(6).
7
Let c be (0 + 2)/(1 - 12/8). Let a(l) = -5*l - 1. Give a(c).
19
Let x(h) be the third derivative of -h**6/12 - h**5/60 + 15*h**2. Suppose 8 = f + f. Suppose -f*q + q + 3 = 0. What is x(q)?
-11
Let z = -9 - -11. Let j(a) = -a**3 - 3*a**2 + 2*a - 2. Give j(z).
-18
Let d(l) = -2*l**2 + l - 1. Suppose -2*z + 4 = -0*z. Let b(v) = -1 + 15*v**2 - 5*v**2 + 3*v - 11*v**2. Let x be b(z). Determine d(x).
-2
Let i(f) = f**3 + 5*f**2 - 7*f - 2. Let b be (9/12)/(5/(-40)). Give i(b).
4
Let v(n) = -n**2 - 7*n - 9. Suppose 0 = 3*c - 8*c + 120. Suppose -p + c = p. Let d be 1 - (p + -3 - 2). What is v(d)?
-3
Let h(a) = 5*a**2. Let j(x) = 2*x - 19. Let b be j(10). Calculate h(b).
5
Let a(p) = 8*p**3 - 2*p**2 + p. Let y be a(1). Suppose -12*g + y*g = 0. Let s(f) = -f + 11. Calculate s(g).
11
Let g(q) be the third derivative of q**6/120 - q**4/24 - q**3 - 16*q**2. What is g(0)?
-6
Let x(j) = -j + 1. Let l(p) = 6*p + 1. Let v(d) = -l(d) - x(d). Calculate v(2).
-12
Let z(j) = -5*j + 6. Let y(g) = 11*g - 12. Let w(l) = -3*y(l) - 7*z(l). Determine w(7).
8
Suppose 2*d = d + 5. Let o(f) = -2*f + f + 14 - 4. Give o(d).
5
Let d be ((-18)/54)/((-1)/15). Let t(l) = -l**2 + 6*l + 1. What is t(d)?
6
Let w(z) = -z**3 - 5*z**2 + 3*z - 3. Let j be w(-5). Let d be (-24)/18*j/(-4). Let u(k) = -k**2 - 4*k + 6. Calculate